ase 14, what is c - -210?
21c
In base 13, what is 5 + -1532?
-152a
In base 2, what is -10011101100001 + -1?
-10011101100010
In base 12, what is 5 - -7a4?
7a9
In base 14, what is -771 - 2?
-773
In base 9, what is 1 - 114?
-113
In base 4, what is 321 - 202?
113
In base 2, what is 101 - -11000001?
11000110
In base 7, what is 6 + 1251?
1260
In base 12, what is 34b3 - 2?
34b1
In base 5, what is 11 - -204?
220
In base 5, what is 4133 + -2?
4131
In base 5, what is 1334 - 0?
1334
In base 9, what is 0 + -4055?
-4055
In base 3, what is -22 - 10111?
-10210
In base 9, what is 3 + -64?
-61
In base 7, what is -4 - -10051?
10044
In base 10, what is -53 + 6?
-47
In base 3, what is 11 - 1022?
-1011
In base 2, what is -1010100000 - -11?
-1010011101
In base 15, what is 15 + 5?
1a
In base 8, what is 5 - -5446?
5453
In base 10, what is 1759 - -4?
1763
In base 13, what is 4 + -2b?
-27
In base 4, what is 2010133 - 0?
2010133
In base 14, what is 79 + -15?
64
In base 11, what is 100 - -45?
145
In base 11, what is -3 - 119?
-121
In base 15, what is 21a - 0?
21a
In base 7, what is -15002 - 0?
-15002
In base 15, what is 247 - -2?
249
In base 14, what is -41da - -2?
-41d8
In base 2, what is -11010000000 - -10?
-11001111110
In base 13, what is -19 + -6c?
-88
In base 3, what is 0 + -20011?
-20011
In base 6, what is 3501 + -5?
3452
In base 10, what is -6 - -23?
17
In base 14, what is -395 + 4?
-391
In base 8, what is 7657 - 2?
7655
In base 2, what is -110100 + -101001010?
-101111110
In base 11, what is 3 - 33?
-30
In base 8, what is 212 + 5?
217
In base 3, what is -112011 - -12?
-111222
In base 11, what is 153 + -4?
14a
In base 11, what is 179 - -14?
192
In base 10, what is 7 - -301?
308
In base 13, what is 34 + 20?
54
In base 6, what is -2 + 22?
20
In base 15, what is -d + -27?
-35
In base 12, what is 128 - -2?
12a
In base 12, what is 934 + 5?
939
In base 10, what is -758 - -4?
-754
In base 2, what is -11 - -110110000?
110101101
In base 4, what is -12 + -1203?
-1221
In base 16, what is -1 - -cc2?
cc1
In base 6, what is 1 - 4032?
-4031
In base 8, what is -2 - 120?
-122
In base 15, what is -5 + 7a8?
7a3
In base 4, what is 0 - -102320?
102320
In base 16, what is -235 - d?
-242
In base 5, what is 1003 - 0?
1003
In base 5, what is -31 + -244?
-330
In base 2, what is 11 + -10000?
-1101
In base 8, what is 112 - 0?
112
In base 16, what is -2 - -35?
33
In base 10, what is -8 - 7?
-15
In base 10, what is -1 - -162?
161
In base 5, what is -314 + 1?
-313
In base 9, what is 72 - 317?
-235
In base 16, what is 5a87 - -4?
5a8b
In base 7, what is -3 - -152?
146
In base 3, what is -10122122 + 2?
-10122120
In base 2, what is 10001001 + -11?
10000110
In base 6, what is -12 + 4455?
4443
In base 5, what is 1014 + 24?
1043
In base 4, what is 10 - 101222?
-101212
In base 9, what is -35 + -100?
-135
In base 6, what is 3020 - 34?
2542
In base 2, what is -11101011 + -10?
-11101101
In base 4, what is -10 - -10031?
10021
In base 15, what is -d8 + 0?
-d8
In base 9, what is -128 + 6?
-122
In base 9, what is -60 - -173?
113
In base 12, what is -121 + 3?
-11a
In base 5, what is -14211 + 14?
-14142
In base 6, what is 0 - -1?
1
In base 7, what is 243 + -2?
241
In base 12, what is -1a8 + 5?
-1a3
In base 14, what is 1 - -1aa?
1ab
In base 15, what is -16e - 2?
-171
In base 8, what is 4571 - -2?
4573
In base 12, what is 563 + 2?
565
In base 16, what is -b + -c?
-17
In base 5, what is -4020 - 10?
-4030
In base 15, what is 6d - 31?
3c
In base 5, what is -10 - -10210?
10200
In base 2, what is 100 + 1000100101001?
1000100101101
In base 4, what is 0 - 330?
-330
In base 15, what is -24 + 4b?
27
In base 5, what is -132 + -1140?
-1322
In base 8, what is 4 - 3?
1
In base 9, what is -3 - 877?
-881
In base 9, what is -15 - -112?
86
In base 15, what is 0 - 5?
-5
In base 8, what is -1025 - 0?
-1025
In base 5, what is 3 - -41?
44
In base 11, what is -1 - -80?
7a
In base 15, what is -1 + -74a?
-74b
In base 6, what is 4525 + -1?
4524
In base 8, what is -2 - -6042?
6040
In base 7, what is 12 + -146?
-134
In base 14, what is 14 + a4?
b8
In base 2, what is -1000100 - -11100?
-101000
In base 10, what is 2 - -5666?
5668
In base 14, what is -8a + -1a?
-a6
In base 9, what is -3255 + -3?
-3258
In base 12, what is -24 + 302?
29a
In base 16, what is -203 - 2?
-205
In base 6, what is 10135 - 5?
10130
In base 5, what is -140 + -133?
-323
In base 8, what is -365 - 4?
-371
In base 2, what is -11 - -1010011?
1010000
In base 9, what is -1 - -3001?
3000
In base 10, what is 199 + -3?
196
In base 16, what is -e + 5?
-9
In base 4, what is 200 + 11?
211
In base 9, what is 2 + 175?
177
In base 7, what is -1002 - -33?
-636
In base 2, what is 100100001 - -101?
100100110
In base 10, what is 76 - -37?
113
In base 4, what is 300 + 10?
310
In base 12, what is -11 + 5?
-8
In base 6, what is -4 - -1010?
1002
In base 6, what is -4 + -102?
-110
In base 2, what is -10100111 + -1?
-10101000
In base 15, what is 2 - -c?
e
In base 14, what is 5 - 41c?
-417
In base 12, what is -4b + 187?
138
In base 14, what is -7 - 259?
-262
In base 13, what is 35 + -8?
2a
In base 5, what is 111 + -141?
-30
In base 2, what is -1001011101 + 0?
-1001011101
In base 10, what is -2522 - 5?
-2527
In base 4, what is -31310 + -1?
-31311
In base 7, what is -2 - -656?
654
In base 7, what is -3 - 1201?
-1204
In base 8, what is 6050 + 1?
6051
In base 3, what is -121000 - -10?
-120220
In base 14, what is -3 - 394?
-397
In base 13, what is -23 - 29?
-4c
In base 16, what is f - -71?
80
In base 6, what is 4350 - 15?
4331
In base 5, what is 32120 - 0?
32120
In base 7, what is 35 - -1?
36
In base 4, what is 301 - -32?
333
In base 5, what is -10 - -142?
132
In base 7, what is 31500 - -1?
31501
In base 6, what is 225123 - 0?
225123
In base 15, what is 0 - -24?
24
In base 14, what is 0 + -491?
-491
In base 11, what is 0 + 1?
1
In base 2, what is 11 - 10110001?
-10101110
In base 16, what is -439 - -1?
-438
In base 10, what is -35 + -58?
-93
In base 11, what is 549 - 5?
544
In base 10, what is 2 + -1131?
-1129
In base 15, what is -6 + 610?
609
In base 11, what is -5 + 11?
7
In base 8, what is 0 - 1223?
-1223
In base 10, what is 4281 + 3?
4284
In base 4, what is 1 - 102013?
-102012
In base 10, what is 37 - 26?
11
In base 3, what is -2 - 120?
-122
In base 7, what is -3 - -11?
5
In base 11, what is 29 - 4?
25
In base 11, what is -5 + 37?
32
In base 16, what is -3 + 3f?
3c
In base 16, what is c + -26?
-1a
In base 14, what is 4 - 54a?
-546
In base 9, what is -5 - 3146?
-3152
In base 16, what is -4a - 2f?
-79
In base 6, what is 15102 - 1?
15101
In base 10, what is -7 - 19?
-26
In base 4, what is 11 - 11?
0
In base 10, what is -2 - 17?
-19
In base 3, what is 12 + -220111?
-220022
In base 2, what is 1111100 - 101?
1110111
In base 15, what is -1b0 - -1?
-1ae
In base 2, what is -111111100 - -11?
-111111001
In base 3, what is -2200201 - -2?
-2200122
In base 16, what is -88 - -2?
-86
In base 12, what is -3 + -5b?
-62
In base 7, what is -53 + -54?
-140
In base 13, what is 56 + -11?
45
In base 3, what is 101 + 110212?
111020
In base 6, what is 4 - 11031?
-11023
In base 13, what is a25 - 0?
a25
In base 2, what is -10010000001 - 0?
-10010000001
In base 9, what is 87 - -2?
100
In base 6, what is -4 + -5?
-13
In base 2, what is 10011011010 - 10010?
10011001000
In base 4, what is -3 + -103?
-112
In base 13, what is -413 - 3?
-416
In base 4, what is -1112 - 12?
-1130
In base 16, what is -6 - 14?
-1a
In base 4, what is -11 + 12021?
12010
In base 16, what is -6d34 - 1?
-6d35
In base 7, what is -4 + -10160?
-10164
In base 14, what is 835 - 3?
832
In base 7, what is -2534 - -2?
-2532
In base 7, what is -2215 + 3?
-2212
In base 5, what is 4344 + 1?
4400
In base 9, what is -1 + -52?
-53
In base 6, what is 2 + 30?
32
In base 16, what is b + -1?
a
In base 7, what is 15 - 162?
-144
In base 14, what is 22 + 8c?
b0
In base 4, what is 2021 - -101?
2122
In base 16, what is 10 - 1?
f
In base 7, what is -6 + -2?
-11
In base 4, what is -112121 + 11?
-112110
In base 5, what is 24 + -224?
-200
In base 16, what is -7 - -14?
d
In base 10, what is 2 + 105?
107
In base 5, what is -34411 - -14?
-34342
In base 10, what is -4 + 21?
17
In base 2, what is 1 - -101100100?
101100101
In base 4, what is -3 - 3103?
-3112
In base 2, what is 10010 - 1